of 194738?
2, 97369
List the prime factors of 6893979.
3, 19, 120947
List the prime factors of 2541542.
2, 1270771
What are the prime factors of 7398196?
2, 13, 17, 8369
List the prime factors of 8686293.
3, 7, 11, 31, 1213
What are the prime factors of 39158?
2, 7, 2797
List the prime factors of 18731367.
3, 601, 3463
What are the prime factors of 2400735?
3, 5, 160049
What are the prime factors of 1679937?
3, 7, 79997
What are the prime factors of 415432?
2, 51929
What are the prime factors of 3176002?
2, 19, 83579
What are the prime factors of 463334?
2, 19, 89, 137
List the prime factors of 312969.
3, 104323
What are the prime factors of 11153788?
2, 2788447
What are the prime factors of 6524425?
5, 499, 523
What are the prime factors of 232084?
2, 17, 3413
What are the prime factors of 222052?
2, 43, 1291
List the prime factors of 14955632.
2, 571, 1637
What are the prime factors of 13927166?
2, 11, 633053
What are the prime factors of 219896?
2, 27487
What are the prime factors of 3643076?
2, 263, 3463
List the prime factors of 667501.
667501
List the prime factors of 662583.
3, 220861
What are the prime factors of 1080484?
2, 270121
List the prime factors of 3479374.
2, 1739687
What are the prime factors of 83956?
2, 139, 151
List the prime factors of 9025770.
2, 3, 5, 13, 23143
What are the prime factors of 1471820?
2, 5, 7, 10513
What are the prime factors of 2340355?
5, 468071
List the prime factors of 1603691.
37, 89, 487
What are the prime factors of 854546?
2, 7, 11, 31, 179
What are the prime factors of 910612?
2, 227653
List the prime factors of 6686926.
2, 89, 37567
List the prime factors of 15545641.
227, 68483
What are the prime factors of 4915983?
3, 983, 1667
List the prime factors of 254606.
2, 11, 71, 163
List the prime factors of 222840.
2, 3, 5, 619
List the prime factors of 7472329.
421, 17749
List the prime factors of 33760158.
2, 3, 5626693
List the prime factors of 51290.
2, 5, 23, 223
List the prime factors of 140240.
2, 5, 1753
What are the prime factors of 369157?
311, 1187
What are the prime factors of 20971407?
3, 31, 225499
What are the prime factors of 1334970?
2, 3, 5, 7, 13, 163
List the prime factors of 8409638.
2, 4204819
What are the prime factors of 33803813?
23, 1469731
What are the prime factors of 321252?
2, 3, 19, 1409
List the prime factors of 6884491.
6884491
List the prime factors of 807908.
2, 17, 109
What are the prime factors of 440392?
2, 55049
List the prime factors of 528205.
5, 149, 709
List the prime factors of 2562505.
5, 11, 46591
List the prime factors of 2560550.
2, 5, 83, 617
List the prime factors of 2448679.
2448679
List the prime factors of 10506865.
5, 41, 107, 479
List the prime factors of 10930672.
2, 199, 3433
What are the prime factors of 2862420?
2, 3, 5, 11, 4337
List the prime factors of 7355131.
7, 1050733
What are the prime factors of 1067472?
2, 3, 7, 353
What are the prime factors of 846702?
2, 3, 17, 2767
What are the prime factors of 7488818?
2, 3744409
List the prime factors of 176516.
2, 44129
What are the prime factors of 763574?
2, 7, 54541
What are the prime factors of 255790?
2, 5, 25579
What are the prime factors of 2189348?
2, 7, 78191
List the prime factors of 6233032.
2, 13, 73, 821
List the prime factors of 82842.
2, 3, 13807
What are the prime factors of 1636804?
2, 13, 31477
List the prime factors of 19221862.
2, 11, 873721
List the prime factors of 2552526.
2, 3, 47269
List the prime factors of 445327.
97, 4591
What are the prime factors of 216558?
2, 3, 53, 227
What are the prime factors of 181828?
2, 131, 347
List the prime factors of 7275041.
43, 367, 461
List the prime factors of 71988.
2, 3, 7, 857
List the prime factors of 1692602.
2, 37, 89, 257
List the prime factors of 6652054.
2, 431, 7717
What are the prime factors of 517214?
2, 258607
What are the prime factors of 158905?
5, 61, 521
What are the prime factors of 142433?
142433
List the prime factors of 651116.
2, 162779
What are the prime factors of 2720148?
2, 3, 419, 541
List the prime factors of 1375939.
59, 23321
What are the prime factors of 894544?
2, 7, 163
What are the prime factors of 503327?
11, 45757
List the prime factors of 2332498.
2, 7, 23801
List the prime factors of 1039178.
2, 7, 199, 373
List the prime factors of 4209437.
23, 29, 6311
List the prime factors of 392839.
83, 4733
List the prime factors of 1658437.
11, 150767
What are the prime factors of 621164?
2, 155291
List the prime factors of 1202852.
2, 7, 17, 19
List the prime factors of 1695371.
911, 1861
List the prime factors of 1679973.
3, 559991
List the prime factors of 999174.
2, 3, 11, 15139
List the prime factors of 4415536.
2, 41, 53, 127
List the prime factors of 6191041.
31, 41, 4871
What are the prime factors of 12049?
12049
List the prime factors of 2895870.
2, 3, 5, 83, 1163
What are the prime factors of 14870200?
2, 5, 149, 499
What are the prime factors of 2630781?
3, 292309
List the prime factors of 1476299.
11, 103, 1303
What are the prime factors of 1780568?
2, 23, 9677
What are the prime factors of 571438?
2, 7, 17
What are the prime factors of 640386?
2, 3, 59, 67
What are the prime factors of 300839?
7, 11, 3907
List the prime factors of 980474.
2, 11, 41, 1087
What are the prime factors of 876679?
19, 46141
List the prime factors of 8359625.
5, 66877
List the prime factors of 29551280.
2, 5, 11, 33581
List the prime factors of 24273579.
3, 11, 23, 31981
What are the prime factors of 490645?
5, 98129
List the prime factors of 1558489.
29, 61, 881
List the prime factors of 28551940.
2, 5, 71, 20107
What are the prime factors of 1151730?
2, 3, 5, 67, 191
What are the prime factors of 109996?
2, 107, 257
List the prime factors of 2481172.
2, 19, 32647
List the prime factors of 896352.
2, 3, 9337
What are the prime factors of 161076?
2, 3, 31, 433
What are the prime factors of 1885828?
2, 7, 47, 1433
What are the prime factors of 1688060?
2, 5, 11, 7673
List the prime factors of 202404.
2, 3, 101, 167
What are the prime factors of 2255253?
3, 7, 11, 13, 751
What are the prime factors of 7177407?
3, 2392469
What are the prime factors of 233290?
2, 5, 41, 569
List the prime factors of 3048156.
2, 3, 227, 373
List the prime factors of 1962009.
3, 7, 1483
List the prime factors of 18013229.
13, 419, 3307
List the prime factors of 644228.
2, 13, 953
List the prime factors of 5172783.
3, 7, 11, 457
What are the prime factors of 8636463?
3, 11, 359
List the prime factors of 14523505.
5, 19, 152879
List the prime factors of 207937.
269, 773
What are the prime factors of 1544663?
1544663
List the prime factors of 3535646.
2, 37, 47779
What are the prime factors of 568992?
2, 3, 5927
List the prime factors of 718819.
23, 31253
List the prime factors of 1000647.
3, 37061
What are the prime factors of 809406?
2, 3, 13, 1153
List the prime factors of 7776597.
3, 2592199
List the prime factors of 1553887.
1553887
List the prime factors of 3548119.
67, 52957
List the prime factors of 1867598.
2, 191, 4889
What are the prime factors of 12669302?
2, 6334651
List the prime factors of 423805.
5, 84761
List the prime factors of 253864.
2, 13, 2441
What are the prime factors of 283019?
11, 2339
List the prime factors of 15305401.
1237, 12373
List the prime factors of 83338.
2, 41669
List the prime factors of 106040.
2, 5, 11, 241
List the prime factors of 14558567.
41, 355087
List the prime factors of 300582.
2, 3, 16699
List the prime factors of 3957568.
2, 61837
List the prime factors of 4945817.
43, 115019
List the prime factors of 1842489.
3, 11, 37, 503
What are the prime factors of 14466092?
2, 59, 61297
List the prime factors of 236774.
2, 118387
List the prime factors of 5632536.
2, 3, 7, 13, 2579
List the prime factors of 207596.
2, 51899
List the prime factors of 16881864.
2, 3, 703411
List the prime factors of 7634261.
829, 9209
List the prime factors of 3303792.
2, 3, 22943
What are the prime factors of 46817?
46817
What are the prime factors of 4248904?
2, 11, 53, 911
List the prime factors of 13754474.
2, 6877237
List the prime factors of 301604.
2, 75401
List the prime factors of 14312711.
7, 2044673
List the prime factors of 241228.
2, 13, 4639
What are the prime factors of 70714?
2, 7, 5051
What are